NOAA-Style Climate Reports
Select a Year or Month report
2024: Jan Feb Mar Apr May Jun Jul Aug Sep Oct Nov Dec
2023: Jan Feb Mar Apr May Jun Jul Aug Sep Oct Nov Dec
2022: Jan Feb Mar Apr May Jun Jul Aug Sep Oct Nov Dec
2021: Jan Feb Mar Apr May Jun Jul Aug Sep Oct Nov Dec
2020: Jan Feb Mar Apr May Jun Jul Aug Sep Oct Nov Dec
2019: Jan Feb Mar Apr May Jun Jul Aug Sep Oct Nov Dec
2018: Jan Feb Mar Apr May Jun Jul Aug Sep Oct Nov Dec
2017: Jan Feb Mar Apr May Jun Jul Aug Sep Oct Nov Dec
2016: Jan Feb Mar Apr May Jun Jul Aug Sep Oct Nov Dec
2015: Jan Feb Mar Apr May Jun Jul Aug Sep Oct Nov Dec
2014: Jan Feb Mar Apr May Jun Jul Aug Sep Oct Nov Dec
2013: Jan Feb Mar Apr May Jun Jul Aug Sep Oct Nov Dec
2012: Jan Feb Mar Apr May Jun Jul Aug Sep Oct Nov Dec
2024: Jan Feb Mar Apr May Jun Jul Aug Sep Oct Nov Dec
2023: Jan Feb Mar Apr May Jun Jul Aug Sep Oct Nov Dec
2022: Jan Feb Mar Apr May Jun Jul Aug Sep Oct Nov Dec
2021: Jan Feb Mar Apr May Jun Jul Aug Sep Oct Nov Dec
2020: Jan Feb Mar Apr May Jun Jul Aug Sep Oct Nov Dec
2019: Jan Feb Mar Apr May Jun Jul Aug Sep Oct Nov Dec
2018: Jan Feb Mar Apr May Jun Jul Aug Sep Oct Nov Dec
2017: Jan Feb Mar Apr May Jun Jul Aug Sep Oct Nov Dec
2016: Jan Feb Mar Apr May Jun Jul Aug Sep Oct Nov Dec
2015: Jan Feb Mar Apr May Jun Jul Aug Sep Oct Nov Dec
2014: Jan Feb Mar Apr May Jun Jul Aug Sep Oct Nov Dec
2013: Jan Feb Mar Apr May Jun Jul Aug Sep Oct Nov Dec
2012: Jan Feb Mar Apr May Jun Jul Aug Sep Oct Nov Dec
Report for 2024 March
Monthly Climatological Summary for Mar 2024 Name: N0BGS City: Hermon State: Maine Elevation: 145 ft Lat: N 44° 48' 29" Lon: W 068° 54' 51" Temperature (°F), Rain (in), Wind Speed (mph) Heat Cool Avg Mean Deg Deg Wind Dom Day Temp High Time Low Time Days Days Rain Speed High Time Dir ---------------------------------------------------------------------------------- 01 18.5 32.1 16:13 6.3 06:42 46.5 0.0 0.00 3.4 20.0 03:37 WSW 02 34.0 48.7 11:41 17.1 06:29 31.0 0.0 0.22 1.6 21.0 11:29 S 03 43.1 52.4 13:35 30.7 23:59 21.9 0.0 0.40 0.8 18.0 15:51 N 04 40.4 54.8 14:12 29.9 23:49 24.6 0.0 0.01 1.0 17.0 17:04 ESE 05 36.5 40.8 12:20 30.2 00:00 28.5 0.0 0.40 0.4 9.0 12:05 SSE 06 43.9 53.3 13:59 36.9 06:58 21.1 0.0 0.51 0.3 11.0 19:05 NNE 07 36.6 42.1 00:00 31.4 23:54 28.4 0.0 1.09 2.2 21.0 07:17 N 08 33.9 46.7 15:09 23.6 23:58 31.1 0.0 0.00 1.3 16.0 07:18 N 09 29.4 37.7 15:47 20.2 04:59 35.6 0.0 0.00 1.0 13.0 22:33 SE 10 38.7 45.8 15:37 32.1 00:00 25.2 0.0 1.59 3.2 31.0 10:29 ESE 11 35.8 40.8 14:12 31.8 23:57 29.2 0.0 0.00 6.0 39.0 15:44 W 12 35.5 43.7 14:17 29.9 07:20 29.5 0.0 0.00 5.5 27.0 16:28 W 13 39.7 55.5 16:15 28.6 07:14 25.2 0.0 0.00 1.1 13.0 00:00 WNW 14 38.6 50.6 14:34 28.9 04:27 26.4 0.0 0.00 1.2 15.0 16:15 SSE 15 36.2 38.5 17:25 31.9 01:38 28.8 0.0 0.27 0.1 8.0 12:57 NE 16 37.1 50.0 14:06 24.9 06:48 27.9 0.0 0.00 0.4 9.0 14:10 SW 17 39.6 48.6 15:57 32.5 21:34 25.4 0.0 0.47 2.2 22.0 09:53 SSE ---------------------------------------------------------------------------------- 36.3 55.5 13 6.3 1 486.3 0.0 4.96 1.9 39.0 11 WSW Max >= 80.0 0 Max <= 32.0 0 Min <= 32.0 14 Min <= 0.0 0 Max Rain: 1.59 on day 10 Days of Rain: 9 (>= 0.01 in) 8 (>= 0.10 in) 2 (>= 1.00 in) Heat Base: 65.0 Cool Base: 65.0 Method: Integration