NOAA-Style Climate Reports

Select a Year or Month report
2018: Jan Feb Mar Apr May Jun Jul Aug Sep Oct Nov Dec
2017: Jan Feb Mar Apr May Jun Jul Aug Sep Oct Nov Dec
2016: Jan Feb Mar Apr May Jun Jul Aug Sep Oct Nov Dec
2015: Jan Feb Mar Apr May Jun Jul Aug Sep Oct Nov Dec
2014: Jan Feb Mar Apr May Jun Jul Aug Sep Oct Nov Dec
2013: Jan Feb Mar Apr May Jun Jul Aug Sep Oct Nov Dec
2012: Jan Feb Mar Apr May Jun Jul Aug Sep Oct Nov Dec

Report for 2018 August
                   Monthly Climatological Summary for Aug 2018

Name: N0BGS   City: Hermon   State: Maine
Elevation: 145 ft  Lat: N 44 48 29   Lon: W 068 54 51

                  Temperature (°F), Rain (in), Wind Speed (mph)

                                      Heat  Cool        Avg
    Mean                              Deg   Deg         Wind                 Dom
Day Temp  High   Time   Low    Time   Days  Days  Rain  Speed High   Time    Dir
----------------------------------------------------------------------------------
01  70.4  83.3   11:51  58.3   05:10   1.5   6.9  0.11   1.1  15.0   13:00    SE
02  76.2  89.9   15:46  66.2   00:00   0.0  11.2  0.05   1.5  17.0   15:04    SW
03  76.1  87.3   11:38  67.0   05:32   0.0  11.1  0.01   0.3  10.0   13:14   WNW
04  69.9  72.9   15:54  66.0   08:17   0.0   4.9  0.12   0.1   8.0   07:30   WNW
05  73.3  87.3   16:44  59.0   05:54   0.8   9.1  0.00   0.5  11.0   15:54     W
06  76.9  92.6   15:17  61.4   04:32   0.6  12.5  0.00   1.0  13.0   14:00    SW
07  77.8  93.1   15:13  65.7   05:44   0.0  12.8  0.04   0.8  18.0   17:38    SW
08  76.3  87.4   14:36  65.5   06:07   0.0  11.3  0.00   0.3  10.0   18:18   ESE
09  73.1  83.2   17:22  65.0   23:27   0.0   8.1  0.48   0.7  16.0   13:20   SSW
10  69.1  79.3   15:20  53.7   23:58   1.4   5.5  0.01   1.8  28.0   13:44     W
11  65.9  82.8   15:16  50.2   05:49   4.6   5.5  0.00   0.8  11.0   11:52     S
12  69.0  77.2   15:21  61.8   00:31   0.8   4.0  0.00   0.4   8.0   15:45    SE
13  69.5  78.8   13:09  58.3   00:40   1.4   5.7  0.00   0.8  10.0   16:10   ESE
14  73.5  81.0   15:50  68.9   22:34   0.0   6.5  0.00   0.9  11.0   21:37   SSE
15  74.3  84.7   14:07  68.0   22:27   0.0   9.3  0.01   0.5  10.0   13:16   SSE
----------------------------------------------------------------------------------
    72.8  93.1     7    50.2    11    11.1 124.4  0.83   0.8  28.0    10     SSW

Max >=  80.0 11
Max <=  32.0  0
Min <=  32.0  0
Min <=   0.0  0
Max Rain: 0.48 on day 9
Days of Rain: 8 (>= 0.01 in)  3 (>= 0.10 in)  0 (>= 1.00 in)
Heat Base: 65.0  Cool Base: 65.0  Method: Integration