NOAA-Style Climate Reports

Select a Year or Month report
2017: Jan Feb Mar Apr May Jun Jul Aug Sep Oct Nov Dec
2016: Jan Feb Mar Apr May Jun Jul Aug Sep Oct Nov Dec
2015: Jan Feb Mar Apr May Jun Jul Aug Sep Oct Nov Dec
2014: Jan Feb Mar Apr May Jun Jul Aug Sep Oct Nov Dec
2013: Jan Feb Mar Apr May Jun Jul Aug Sep Oct Nov Dec
2012: Jan Feb Mar Apr May Jun Jul Aug Sep Oct Nov Dec

Report for 2017 November
                   Monthly Climatological Summary for Nov 2017

Name: N0BGS   City: Hermon   State: Maine
Elevation: 145 ft  Lat: N 44 48 29   Lon: W 068 54 51

                  Temperature (°F), Rain (in), Wind Speed (mph)

                                      Heat  Cool        Avg
    Mean                              Deg   Deg         Wind                 Dom
Day Temp  High   Time   Low    Time   Days  Days  Rain  Speed High   Time    Dir
----------------------------------------------------------------------------------
01  42.9  52.1   14:43  31.5   07:19  22.1   0.0  0.00   0.9  10.0   02:11   SSW
02  52.0  57.2   15:30  44.1   00:00  13.0   0.0  0.03   1.7  19.0   11:31   SSE
03  59.3  68.1   11:49  45.2   23:59   6.0   0.4  0.15   3.6  26.0   20:39   SSW
04  42.2  51.4   13:57  34.1   07:22  22.8   0.0  0.00   2.0  18.0   11:18   WNW
05  45.8  58.2   23:49  32.6   05:24  20.0   0.0  0.00   2.2  22.0   23:28    SE
06  57.0  62.5   10:37  41.6   23:59   8.0   0.0  0.40   2.8  19.0   00:14   SSW
07  37.8  44.1   12:48  30.9   06:18  27.2   0.0  0.00   1.5  15.0   01:50    NW
08  31.8  43.6   13:53  21.9   23:40  33.2   0.0  0.01   0.6  13.0   11:47   NNE
09  31.9  45.9   13:08  18.7   06:46  33.1   0.0  0.00   0.4  10.0   13:21     S
10  32.4  46.2   02:47  22.3   23:57  32.6   0.0  0.06   6.8  37.0   13:08     W
11  27.0  37.4   14:17  19.0   23:57  38.0   0.0  0.00   3.6  24.0   00:38   WNW
12  27.1  39.0   14:16  18.0   01:24  37.9   0.0  0.00   0.1   7.0   11:52   SSW
13  27.8  37.8   13:16  15.5   06:19  37.2   0.0  0.00   0.0   3.0   08:16     E
14  33.7  41.4   12:49  22.7   04:21  31.3   0.0  0.00   1.2  12.0   09:22     N
15  33.6  39.9   14:48  27.6   21:34  31.4   0.0  0.00   0.6  12.0   12:10   NNE
16  36.7  45.3   14:19  29.7   05:44  28.3   0.0  0.51   0.3   9.0   13:59    NE
17  34.6  41.5   09:52  27.3   23:07  30.4   0.0  0.05   5.3  29.0   11:04     W
----------------------------------------------------------------------------------
    38.4  68.1     3    15.5    13   452.5   0.4  1.21   1.9  37.0    10     WSW

Max >=  80.0  0
Max <=  32.0  0
Min <=  32.0 12
Min <=   0.0  0
Max Rain: 0.51 on day 16
Days of Rain: 7 (>= 0.01 in)  3 (>= 0.10 in)  0 (>= 1.00 in)
Heat Base: 65.0  Cool Base: 65.0  Method: Integration