NOAA-Style Climate Reports


Report for 2022 May
                   Monthly Climatological Summary for May 2022

Name: N0BGS   City: Hermon   State: Maine
Elevation: 145 ft  Lat: N 44° 48' 29"   Lon: W 068° 54' 51"

                  Temperature (°F), Rain (in), Wind Speed (mph)

                                      Heat  Cool        Avg
    Mean                              Deg   Deg         Wind                 Dom
Day Temp  High   Time   Low    Time   Days  Days  Rain  Speed High   Time    Dir
----------------------------------------------------------------------------------
01  49.7  62.5   17:52  36.9   00:05  15.3   0.0  0.00   1.3  13.0   11:15   NNE
02  49.4  66.3   15:18  32.5   05:24  15.6   0.0  0.00   1.5  16.0   18:21   SSE
03  52.6  66.7   14:56  38.6   05:06  12.5   0.1  0.00   2.1  18.0   18:19   SSE
04  47.7  50.4   17:05  43.7   02:34  17.3   0.0  0.43   0.6   9.0   12:58    SE
05  52.5  65.6   16:06  38.9   23:58  12.5   0.0  0.01   2.6  24.0   13:59   WNW
06  49.4  64.8   14:51  31.9   05:37  15.6   0.0  0.00   2.4  24.0   13:04     W
07  46.3  58.7   16:51  31.7   05:39  18.7   0.0  0.00   1.5  15.0   09:59    NE
08  47.5  64.8   16:27  30.9   05:29  17.5   0.0  0.00   1.0  12.0   12:36   ENE
09  51.7  71.5   17:16  30.5   05:28  14.5   1.2  0.00   1.4  15.0   13:13    NE
10  54.4  73.6   16:08  33.1   05:36  12.4   1.9  0.00   1.1  14.0   14:22    NE
11  57.3  79.0   17:28  33.5   05:25  11.1   3.4  0.00   0.6  10.0   10:31     E
12  64.4  86.8   17:14  42.7   05:04   7.2   6.6  0.00   0.8  12.0   17:48   ESE
13  64.0  79.5   14:02  49.5   03:46   5.1   4.1  0.00   2.0  16.0   14:15   SSE
14  73.6  92.1   14:49  51.5   04:24   3.1  11.7  0.00   1.5  17.0   16:39   SSW
15  59.8  66.1   00:00  53.1   23:48   5.2   0.0  0.11   0.9  11.0   18:09   ESE
16  58.1  66.5   17:50  52.5   01:34   7.0   0.1  0.11   0.4  11.0   17:52    SE
17  60.6  70.7   13:21  52.5   23:58   5.4   1.0  0.01   5.6  29.0   17:00   WSW
18  53.7  66.6   15:55  39.8   23:57  11.4   0.1  0.00   4.4  26.0   03:26     W
19  49.7  65.0   11:28  33.3   05:25  15.2   0.0  0.15   1.2  17.0   11:50   ESE
20  53.7  61.2   13:46  48.8   05:08  11.3   0.0  0.00   1.3  16.0   23:21   SSE
21  56.3  64.7   15:35  49.8   00:53   8.7   0.0  0.02   1.5  14.0   14:05   SSE
22  66.2  81.7   16:03  57.5   00:57   2.7   3.9  0.03   1.0  14.0   15:03   SSE
23  60.1  67.8   15:47  48.8   23:59   5.3   0.3  0.00   2.3  23.0   05:08    NW
24  53.2  68.7   16:23  37.1   04:30  12.2   0.4  0.00   0.6  14.0   17:50    SE
25  55.7  73.3   12:42  38.1   04:45  10.9   1.7  0.00   1.2  17.0   15:17     S
----------------------------------------------------------------------------------
    55.5  92.1    14    30.5     9   273.7  36.5  0.87   1.6  29.0    17     SSW

Max >=  80.0  3
Max <=  32.0  0
Min <=  32.0  4
Min <=   0.0  0
Max Rain: 0.43 on day 4
Days of Rain: 8 (>= 0.01 in)  4 (>= 0.10 in)  0 (>= 1.00 in)
Heat Base: 65.0  Cool Base: 65.0  Method: Integration