NOAA-Style Climate Reports

Select a Year or Month report
2019: Jan Feb Mar Apr May Jun Jul Aug Sep Oct Nov Dec
2018: Jan Feb Mar Apr May Jun Jul Aug Sep Oct Nov Dec
2017: Jan Feb Mar Apr May Jun Jul Aug Sep Oct Nov Dec
2016: Jan Feb Mar Apr May Jun Jul Aug Sep Oct Nov Dec
2015: Jan Feb Mar Apr May Jun Jul Aug Sep Oct Nov Dec
2014: Jan Feb Mar Apr May Jun Jul Aug Sep Oct Nov Dec
2013: Jan Feb Mar Apr May Jun Jul Aug Sep Oct Nov Dec
2012: Jan Feb Mar Apr May Jun Jul Aug Sep Oct Nov Dec

Report for 2019 February
                   Monthly Climatological Summary for Feb 2019

Name: N0BGS   City: Hermon   State: Maine
Elevation: 145 ft  Lat: N 44 48 29   Lon: W 068 54 51

                  Temperature (°F), Rain (in), Wind Speed (mph)

                                      Heat  Cool        Avg
    Mean                              Deg   Deg         Wind                 Dom
Day Temp  High   Time   Low    Time   Days  Days  Rain  Speed High   Time    Dir
----------------------------------------------------------------------------------
01   9.1  21.0   14:21  -7.1   06:48  55.9   0.0  0.00   3.7  23.0   12:59   WSW
02   7.7  19.2   15:44  -9.4   02:02  57.3   0.0  0.00   1.4  14.0   09:51   SSW
03  15.9  29.3   14:26  -5.3   06:40  49.0   0.0  0.08   0.5  10.0   12:52   WSW
04  36.1  53.6   14:32  24.7   00:00  28.9   0.0  0.00   0.3   9.0   13:46    SW
05  42.3  60.6   14:55  31.6   00:34  22.7   0.0  0.00   2.1  25.0   17:58   WSW
06  27.9  33.2   14:32  20.2   06:42  37.1   0.0  0.00   1.7  22.0   01:24   NNW
07  32.7  38.2   13:18  27.4   02:01  32.3   0.0  0.06   0.3  11.0   21:36     E
08  35.8  42.3   15:25  29.1   23:56  29.2   0.0  0.14   2.9  30.0   22:32   WSW
09  21.5  29.1   00:00  17.5   22:47  43.5   0.0  0.00   8.9  37.0   09:46     W
10  19.5  28.7   14:08  13.2   20:52  45.5   0.0  0.00   4.6  25.0   11:18   WSW
11  16.2  25.4   14:56   5.7   07:15  48.8   0.0  0.00   3.8  27.0   13:14     W
12  15.8  24.7   14:14   0.6   07:04  49.2   0.0  0.00   0.7  11.0   01:03   NNE
13  21.7  27.6   12:30   9.7   21:57  43.3   0.0  0.00   2.2  19.0   14:02   NNE
14  22.4  36.3   13:52   7.2   23:59  42.6   0.0  0.00   2.8  20.0   14:00   WSW
15  23.9  43.3   23:56  -0.5   04:42  41.1   0.0  0.06   1.6  18.0   14:30   ESE
16  32.1  43.6   00:03  20.2   23:50  32.9   0.0  0.01   3.2  24.0   00:07     W
----------------------------------------------------------------------------------
    23.8  60.6     5    -9.4     2   659.3   0.0  0.35   2.5  37.0     9       W

Max >=  80.0  0
Max <=  32.0  8
Min <=  32.0 16
Min <=   0.0  4
Max Rain: 0.14 on day 8
Days of Rain: 5 (>= 0.01 in)  1 (>= 0.10 in)  0 (>= 1.00 in)
Heat Base: 65.0  Cool Base: 65.0  Method: Integration