NOAA-Style Climate Reports

Select a Year or Month report
2018: Jan Feb Mar Apr May Jun Jul Aug Sep Oct Nov Dec
2017: Jan Feb Mar Apr May Jun Jul Aug Sep Oct Nov Dec
2016: Jan Feb Mar Apr May Jun Jul Aug Sep Oct Nov Dec
2015: Jan Feb Mar Apr May Jun Jul Aug Sep Oct Nov Dec
2014: Jan Feb Mar Apr May Jun Jul Aug Sep Oct Nov Dec
2013: Jan Feb Mar Apr May Jun Jul Aug Sep Oct Nov Dec
2012: Jan Feb Mar Apr May Jun Jul Aug Sep Oct Nov Dec

Report for 2018 October
                   Monthly Climatological Summary for Oct 2018

Name: N0BGS   City: Hermon   State: Maine
Elevation: 145 ft  Lat: N 44 48 29   Lon: W 068 54 51

                  Temperature (°F), Rain (in), Wind Speed (mph)

                                      Heat  Cool        Avg
    Mean                              Deg   Deg         Wind                 Dom
Day Temp  High   Time   Low    Time   Days  Days  Rain  Speed High   Time    Dir
----------------------------------------------------------------------------------
03  52.6  60.3   15:39  47.5   02:10  12.4   0.0  0.06   0.7  12.0   08:29   NNW
04  56.6  60.7   15:23  51.9   06:15   8.4   0.0  0.00   1.1  18.0   13:37     S
05  49.7  60.1   15:27  40.1   06:56  15.3   0.0  0.00   0.9  16.0   09:00   NNW
06  48.7  63.2   16:16  34.3   07:10  16.3   0.0  0.00   0.9  13.0   17:28   SSE
07  52.7  60.9   13:56  40.7   22:46  12.3   0.0  0.01   0.5  11.0   11:54     N
08  48.3  56.7   15:17  36.2   06:54  16.7   0.0  0.07   0.8  11.0   10:20    SW
09  63.3  79.8   16:12  48.0   00:39   5.2   3.5  0.08   1.9  16.0   15:15   SSW
10  61.3  79.6   10:10  49.7   21:59   5.0   1.3  0.04   1.3  15.0   11:15   WNW
11  48.0  49.7   00:00  46.5   07:24  17.0   0.0  0.67   0.4  13.0   10:13    NE
12  48.9  57.1   16:17  45.0   06:44  16.1   0.0  0.09   1.3  20.0   18:36   WNW
13  42.5  46.9   14:40  34.6   23:59  22.6   0.0  0.02   0.6  10.0   20:21    SW
14  42.3  57.7   15:44  31.5   06:11  22.7   0.0  0.00   1.6  18.0   14:35   WSW
15  46.3  59.8   23:56  30.1   05:48  18.7   0.0  0.28   1.7  18.0   13:06   SSE
16  46.7  60.2   00:13  31.3   23:15  18.4   0.0  0.09   5.0  32.0   04:09   WSW
----------------------------------------------------------------------------------
    50.6  79.8     9    30.1    15   207.1   4.8  1.41   1.3  32.0    16     WSW

Max >=  80.0  0
Max <=  32.0  0
Min <=  32.0  3
Min <=   0.0  0
Max Rain: 0.67 on day 11
Days of Rain: 10 (>= 0.01 in)  2 (>= 0.10 in)  0 (>= 1.00 in)
Heat Base: 65.0  Cool Base: 65.0  Method: Integration