NOAA-Style Climate Reports

Select a Year or Month report
2020: Jan Feb Mar Apr May Jun Jul Aug Sep Oct Nov Dec
2019: Jan Feb Mar Apr May Jun Jul Aug Sep Oct Nov Dec
2018: Jan Feb Mar Apr May Jun Jul Aug Sep Oct Nov Dec
2017: Jan Feb Mar Apr May Jun Jul Aug Sep Oct Nov Dec
2016: Jan Feb Mar Apr May Jun Jul Aug Sep Oct Nov Dec
2015: Jan Feb Mar Apr May Jun Jul Aug Sep Oct Nov Dec
2014: Jan Feb Mar Apr May Jun Jul Aug Sep Oct Nov Dec
2013: Jan Feb Mar Apr May Jun Jul Aug Sep Oct Nov Dec
2012: Jan Feb Mar Apr May Jun Jul Aug Sep Oct Nov Dec

Report for 2020 February
                   Monthly Climatological Summary for Feb 2020

Name: N0BGS   City: Hermon   State: Maine
Elevation: 145 ft  Lat: N 44 48 29   Lon: W 068 54 51

                  Temperature (°F), Rain (in), Wind Speed (mph)

                                      Heat  Cool        Avg
    Mean                              Deg   Deg         Wind                 Dom
Day Temp  High   Time   Low    Time   Days  Days  Rain  Speed High   Time    Dir
----------------------------------------------------------------------------------
01  29.5  36.8   14:36  18.4   00:15  35.5   0.0  0.00   0.1   6.0   08:02    NW
02  30.2  35.5   12:27  18.9   23:57  34.8   0.0  0.00   1.1  12.0   09:48   WNW
03  31.8  45.0   14:21  14.3   02:46  33.2   0.0  0.00   3.1  23.0   13:21   WSW
04  32.4  38.3   00:00  25.3   06:45  32.6   0.0  0.00   0.2  12.0   00:04   WSW
05  26.9  34.1   13:58  14.2   23:57  38.1   0.0  0.00   2.4  20.0   10:21   WNW
06  23.2  28.5   23:22  14.1   00:16  41.8   0.0  0.00   0.4   9.0   23:50   NNE
07  26.7  29.4   11:10  19.6   23:59  38.3   0.0  0.00   2.3  20.0   18:03   NNW
08  14.7  23.9   12:07  -2.4   23:59  50.3   0.0  0.00   3.0  23.0   14:42   WSW
09   8.0  26.6   15:07 -11.5   06:30  57.0   0.0  0.00   0.7  11.0   15:50     S
10  30.3  37.5   13:08  16.3   00:00  34.7   0.0  0.29   0.7  11.0   15:46    SW
11  29.6  35.2   14:34  19.7   05:50  35.4   0.0  0.04   0.1   6.0   21:03   ESE
12  33.3  41.7   14:19  25.8   05:43  31.7   0.0  0.01   3.0  26.0   13:02   WSW
13  32.5  36.6   14:52  18.2   23:47  32.5   0.0  0.05   1.2  17.0   01:01   WSW
14   9.0  18.3   00:00  -5.3   23:59  56.0   0.0  0.01   2.8  23.0   15:30    NW
15   5.5  24.1   15:15 -16.3   06:41  59.5   0.0  0.00   1.3  14.0   13:35     S
16  25.0  40.3   15:10   3.4   00:11  40.0   0.0  0.01   1.8  19.0   03:16   SSW
17  22.4  37.2   14:02   6.6   06:46  42.6   0.0  0.00   2.3  24.0   14:26   WNW
18  17.5  31.5   21:26  -1.9   04:44  47.5   0.0  0.00   1.0  14.0   16:51   ESE
19  29.1  39.9   10:14  16.1   23:55  35.9   0.0  0.00   4.0  35.0   13:23     W
----------------------------------------------------------------------------------
    24.1  45.0     3   -16.3    15   777.4   0.0  0.41   1.7  35.0    19       W

Max >=  80.0  0
Max <=  32.0  7
Min <=  32.0 19
Min <=   0.0  5
Max Rain: 0.29 on day 10
Days of Rain: 6 (>= 0.01 in)  1 (>= 0.10 in)  0 (>= 1.00 in)
Heat Base: 65.0  Cool Base: 65.0  Method: Integration