NOAA-Style Climate Reports

Select a Year or Month report
2017: Jan Feb Mar Apr May Jun Jul Aug Sep Oct Nov Dec
2016: Jan Feb Mar Apr May Jun Jul Aug Sep Oct Nov Dec
2015: Jan Feb Mar Apr May Jun Jul Aug Sep Oct Nov Dec
2014: Jan Feb Mar Apr May Jun Jul Aug Sep Oct Nov Dec
2013: Jan Feb Mar Apr May Jun Jul Aug Sep Oct Nov Dec
2012: Jan Feb Mar Apr May Jun Jul Aug Sep Oct Nov Dec

Report for 2017 September
                   Monthly Climatological Summary for Sep 2017

Name: N0BGS   City: Hermon   State: Maine
Elevation: 145 ft  Lat: N 44 48 29   Lon: W 068 54 51

                  Temperature (°F), Rain (in), Wind Speed (mph)

                                      Heat  Cool        Avg
    Mean                              Deg   Deg         Wind                 Dom
Day Temp  High   Time   Low    Time   Days  Days  Rain  Speed High   Time    Dir
----------------------------------------------------------------------------------
01  53.4  62.6   13:29  42.0   06:37  11.6   0.0  0.00   3.0  30.0   12:39     W
02  56.1  73.9   16:46  40.2   04:54  10.7   1.8  0.00   1.0  15.0   09:59   WNW
03  54.3  67.7   12:06  44.3   03:05  10.8   0.1  0.41   1.5  19.0   11:55   ESE
04  63.3  75.8   16:09  53.6   05:58   4.3   2.6  0.08   2.5  19.0   11:17    SW
05  68.2  79.6   15:14  59.2   01:16   1.2   4.5  1.66   1.5  28.0   19:52   SSE
06  63.1  66.5   11:49  59.3   23:36   2.0   0.2  0.43   0.1  11.0   13:30    NW
07  64.0  73.9   17:28  56.3   21:31   2.5   1.5  0.37   1.3  15.0   07:54   SSW
08  61.4  73.4   15:05  49.9   06:52   5.4   1.8  0.10   0.7  12.0   21:58    SW
09  58.8  71.0   16:32  50.3   06:27   7.0   0.8  0.16   0.4  13.0   18:10    NW
10  56.6  70.1   12:43  46.2   23:56   9.2   0.9  0.01   0.8  14.0   15:51    NW
11  61.2  78.7   15:25  46.2   00:00   7.3   3.5  0.00   1.0  17.0   11:31   WNW
12  62.1  79.9   16:37  45.8   06:20   7.1   4.2  0.00   1.1  14.0   12:31     W
13  64.4  82.9   15:54  48.1   04:36   6.0   5.4  0.00   1.0  13.0   12:38   WSW
14  65.5  85.7   16:16  49.2   06:37   5.5   6.0  0.00   0.3   9.0   15:04   SSW
15  64.8  79.2   15:35  54.2   06:06   3.8   3.7  0.00   0.2  10.0   10:18    NE
16  66.9  82.9   15:03  58.5   00:29   2.4   4.4  0.00   0.4   9.0   15:58    SW
17  65.4  82.5   14:45  53.7   06:24   3.8   4.2  0.00   0.7  12.0   16:32   SSE
18  61.4  66.3   15:07  57.9   06:52   3.7   0.1  0.01   0.6   8.0   08:02    SE
----------------------------------------------------------------------------------
    61.7  85.7    14    40.2     2   104.3  45.7  3.23   1.0  30.0     1     WSW

Max >=  80.0  4
Max <=  32.0  0
Min <=  32.0  0
Min <=   0.0  0
Max Rain: 1.66 on day 5
Days of Rain: 9 (>= 0.01 in)  6 (>= 0.10 in)  1 (>= 1.00 in)
Heat Base: 65.0  Cool Base: 65.0  Method: Integration