NOAA-Style Climate Reports


Report for 2019 September
                   Monthly Climatological Summary for Sep 2019

Name: N0BGS   City: Hermon   State: Maine
Elevation: 145 ft  Lat: N 44 48 29   Lon: W 068 54 51

                  Temperature (°F), Rain (in), Wind Speed (mph)

                                      Heat  Cool        Avg
    Mean                              Deg   Deg         Wind                 Dom
Day Temp  High   Time   Low    Time   Days  Days  Rain  Speed High   Time    Dir
----------------------------------------------------------------------------------
01  59.2  74.8   16:25  45.4   06:24   8.0   2.2  0.00   0.6  10.0   15:33     S
02  57.9  63.7   15:02  50.6   00:00   7.1   0.0  0.33   0.2   7.0   19:55    SE
03  61.8  69.2   16:13  55.2   22:31   4.0   0.8  0.00   0.3   8.0   09:39    NW
04  62.8  70.6   14:34  56.0   02:39   3.1   0.9  0.22   1.8  21.0   14:04   SSE
05  59.6  72.9   16:58  47.3   06:16   7.0   1.6  0.01   1.0  14.0   03:17     W
06  57.2  72.4   14:56  44.1   06:13   9.2   1.4  0.00   0.4  10.0   16:32    SE
07  53.4  56.4   16:22  49.2   23:48  11.6   0.0  0.30   1.0  19.0   16:14    NW
08  55.6  67.8   13:21  45.6   23:52   9.6   0.2  0.00   0.9  12.0   10:48   WSW
09  55.0  69.2   12:49  41.7   06:26  10.5   0.5  0.00   0.4  11.0   11:29   WSW
10  56.1  69.6   14:57  40.9   06:28   9.5   0.6  0.03   0.4   9.0   16:49     S
11  67.6  80.3   16:24  58.2   00:00   1.5   4.1  0.30   1.1  13.0   13:55   SSW
12  57.8  67.1   15:46  47.7   23:57   7.4   0.3  0.00   0.6  12.0   10:52   NNW
13  52.4  67.9   16:43  38.5   06:38  12.9   0.3  0.00   0.4  11.0   12:01    NE
14  53.2  61.1   14:10  39.2   04:35  11.8   0.0  0.00   1.2  17.0   08:34     S
15  63.6  74.7   15:21  53.1   06:21   3.7   2.4  0.02   1.3  16.0   10:20   WSW
16  57.0  64.8   11:28  48.2   02:43   8.0   0.0  0.00   1.0  15.0   12:26     W
17  56.4  65.4   13:17  47.0   23:59   8.6   0.0  0.00   0.7  13.0   13:20   NNW
18  49.3  63.9   15:25  37.3   23:59  15.7   0.0  0.00   0.5  11.0   10:46   NNW
19  49.2  70.4   15:45  32.1   06:00  16.6   0.8  0.00   0.3   8.0   15:40   WSW
20  57.8  78.6   16:14  38.5   02:54  10.6   3.4  0.00   0.8  13.0   09:53   WSW
21  63.4  79.1   16:08  51.3   06:48   5.6   4.0  0.00   0.5  10.0   11:50    NW
22  64.4  83.8   13:44  46.9   06:28   5.7   5.1  0.00   0.9  16.0   13:31     S
----------------------------------------------------------------------------------
    57.8  83.8    22    32.1    19   187.7  28.6  1.21   0.7  21.0     4     WSW

Max >=  80.0  2
Max <=  32.0  0
Min <=  32.0  0
Min <=   0.0  0
Max Rain: 0.33 on day 2
Days of Rain: 7 (>= 0.01 in)  4 (>= 0.10 in)  0 (>= 1.00 in)
Heat Base: 65.0  Cool Base: 65.0  Method: Integration