NOAA-Style Climate Reports


Report for 2018 December
                   Monthly Climatological Summary for Dec 2018

Name: N0BGS   City: Hermon   State: Maine
Elevation: 145 ft  Lat: N 44 48 29   Lon: W 068 54 51

                  Temperature (°F), Rain (in), Wind Speed (mph)

                                      Heat  Cool        Avg
    Mean                              Deg   Deg         Wind                 Dom
Day Temp  High   Time   Low    Time   Days  Days  Rain  Speed High   Time    Dir
----------------------------------------------------------------------------------
01  32.8  36.1   14:38  30.5   22:12  32.2   0.0  0.00   0.5  13.0   10:28   WNW
02  34.4  40.1   18:46  30.0   01:59  30.6   0.0  0.69   0.4   9.0   17:11   ENE
03  35.4  39.2   13:44  31.9   06:54  29.6   0.0  0.07   0.7  14.0   23:57     W
04  27.6  33.8   00:00  19.8   21:34  37.4   0.0  0.00   4.1  23.0   07:52   WNW
05  21.0  30.3   13:54  12.3   22:01  44.0   0.0  0.01   1.0  14.0   09:44     W
06  19.3  30.6   14:20   7.5   06:53  45.9   0.0  0.00   0.3  10.0   13:10   WSW
07  25.2  36.8   12:30  15.4   23:57  39.7   0.0  0.00   2.7  23.0   11:45     W
08  13.7  22.0   14:34   5.4   07:42  51.3   0.0  0.00   1.7  15.0   11:44     W
09  16.6  30.0   15:13   2.8   06:14  48.4   0.0  0.00   0.9  13.0   11:18    SW
10  19.6  28.0   13:46  10.0   23:56  45.4   0.0  0.00   2.1  20.0   15:01   WNW
11  16.0  27.2   13:25   4.6   07:04  49.0   0.0  0.00   0.2   7.0   13:03   SSE
12  14.8  23.1   13:18   0.7   23:57  50.2   0.0  0.00   1.7  18.0   13:33   NNW
13   9.4  28.2   15:02  -2.8   06:48  55.6   0.0  0.00   0.1   6.0   03:08   WSW
14  25.9  38.9   22:01   6.0   00:00  39.1   0.0  0.01   1.1  12.0   11:43     S
15  35.9  47.7   13:34  24.8   23:30  29.1   0.0  0.02   1.3  20.0   11:25     W
----------------------------------------------------------------------------------
    23.2  47.7    15    -2.8    13   627.5   0.0  0.80   1.3  23.0     4       W

Max >=  80.0  0
Max <=  32.0  8
Min <=  32.0 15
Min <=   0.0  1
Max Rain: 0.69 on day 2
Days of Rain: 5 (>= 0.01 in)  1 (>= 0.10 in)  0 (>= 1.00 in)
Heat Base: 65.0  Cool Base: 65.0  Method: Integration