NOAA-Style Climate Reports

Select a Year or Month report
2019: Jan Feb Mar Apr May Jun Jul Aug Sep Oct Nov Dec
2018: Jan Feb Mar Apr May Jun Jul Aug Sep Oct Nov Dec
2017: Jan Feb Mar Apr May Jun Jul Aug Sep Oct Nov Dec
2016: Jan Feb Mar Apr May Jun Jul Aug Sep Oct Nov Dec
2015: Jan Feb Mar Apr May Jun Jul Aug Sep Oct Nov Dec
2014: Jan Feb Mar Apr May Jun Jul Aug Sep Oct Nov Dec
2013: Jan Feb Mar Apr May Jun Jul Aug Sep Oct Nov Dec
2012: Jan Feb Mar Apr May Jun Jul Aug Sep Oct Nov Dec

Report for 2019 July
                   Monthly Climatological Summary for Jul 2019

Name: N0BGS   City: Hermon   State: Maine
Elevation: 145 ft  Lat: N 44 48 29   Lon: W 068 54 51

                  Temperature (°F), Rain (in), Wind Speed (mph)

                                      Heat  Cool        Avg
    Mean                              Deg   Deg         Wind                 Dom
Day Temp  High   Time   Low    Time   Days  Days  Rain  Speed High   Time    Dir
----------------------------------------------------------------------------------
01  65.9  79.8   15:32  52.7   05:21   3.7   4.6  0.00   0.8  16.0   11:31   NNW
02  69.2  85.3   14:30  58.5   00:02   1.8   6.0  0.07   1.1  18.0   12:46   SSW
03  69.4  87.2   15:05  53.9   05:21   3.0   7.4  0.00   0.8  14.0   16:16     S
04  73.1  92.6   17:22  53.0   05:06   3.0  11.0  0.00   0.5  11.0   13:17   WSW
05  76.6  93.3   13:40  60.0   05:08   0.9  12.5  0.00   0.9  15.0   14:44     S
06  74.6  92.2   14:19  62.8   04:47   0.2   9.8  0.69   1.1  16.0   13:46    SW
07  66.4  80.0   17:10  53.2   04:59   3.3   4.7  0.00   1.1  17.0   14:47   WNW
08  66.5  83.6   17:01  48.7   05:38   5.1   6.6  0.00   0.8  12.0   11:11   WSW
09  68.9  83.2   16:30  54.7   02:01   3.2   7.1  0.00   1.3  18.0   18:15   WSW
10  67.8  83.6   16:10  52.4   05:26   3.9   6.7  0.00   0.4  10.0   16:12     W
11  64.3  74.7   12:52  52.9   05:28   3.5   2.8  0.00   1.6  18.0   14:50    SE
12  66.4  72.6   15:43  61.1   00:53   0.9   2.3  0.51   0.2   7.0   11:01   ESE
13  73.4  86.4   16:13  61.8   05:16   0.4   8.7  0.00   1.0  12.0   12:40   WSW
14  71.2  82.1   13:33  59.9   23:58   0.5   6.8  0.08   1.3  14.0   10:43   WSW
15  68.6  81.8   15:58  54.2   05:21   2.8   6.4  0.00   1.5  18.0   11:13   WNW
16  71.4  86.2   14:07  56.0   05:35   2.1   8.5  0.00   1.0  14.0   14:59     S
17  71.7  81.1   16:06  65.0   04:40   0.0   6.7  0.65   0.5  15.0   20:22    SW
18  66.2  79.4   16:44  53.8   05:52   3.1   4.3  0.00   0.4   9.0   08:59   WNW
19  68.0  82.4   15:57  52.2   02:03   3.8   6.8  0.00   1.3  16.0   13:34   SSE
----------------------------------------------------------------------------------
    69.5  93.3     5    48.7     8    45.2 129.7  2.00   0.9  18.0     2      SW

Max >=  80.0 15
Max <=  32.0  0
Min <=  32.0  0
Min <=   0.0  0
Max Rain: 0.69 on day 6
Days of Rain: 5 (>= 0.01 in)  3 (>= 0.10 in)  0 (>= 1.00 in)
Heat Base: 65.0  Cool Base: 65.0  Method: Integration