NOAA-Style Climate Reports

Select a Year or Month report
2018: Jan Feb Mar Apr May Jun Jul Aug Sep Oct Nov Dec
2017: Jan Feb Mar Apr May Jun Jul Aug Sep Oct Nov Dec
2016: Jan Feb Mar Apr May Jun Jul Aug Sep Oct Nov Dec
2015: Jan Feb Mar Apr May Jun Jul Aug Sep Oct Nov Dec
2014: Jan Feb Mar Apr May Jun Jul Aug Sep Oct Nov Dec
2013: Jan Feb Mar Apr May Jun Jul Aug Sep Oct Nov Dec
2012: Jan Feb Mar Apr May Jun Jul Aug Sep Oct Nov Dec

Report for 2018 June
                   Monthly Climatological Summary for Jun 2018

Name: N0BGS   City: Hermon   State: Maine
Elevation: 145 ft  Lat: N 44 48 29   Lon: W 068 54 51

                  Temperature (°F), Rain (in), Wind Speed (mph)

                                      Heat  Cool        Avg
    Mean                              Deg   Deg         Wind                 Dom
Day Temp  High   Time   Low    Time   Days  Days  Rain  Speed High   Time    Dir
----------------------------------------------------------------------------------
01  69.6  85.2   15:38  53.3   04:45   3.0   7.6  0.60   0.9  13.0   15:27   SSW
02  66.7  73.8   15:31  51.0   23:56   1.5   3.2  0.00   1.4  21.0   13:23     N
03  54.9  70.8   16:42  42.1   23:58  10.7   0.6  0.00   1.1  18.0   17:12     E
04  44.2  51.0   08:59  34.7   04:38  20.8   0.0  0.17   0.9  12.0   09:56   ESE
05  48.4  53.7   17:20  43.1   03:20  16.6   0.0  0.47   0.1   6.0   23:19   SSE
06  54.2  63.1   17:35  47.3   23:56  10.8   0.0  0.01   0.3   7.0   12:25     W
07  57.0  64.9   15:10  47.3   00:00   8.0   0.0  0.00   1.3  17.0   15:24    SE
08  60.4  75.7   15:58  44.8   23:57   7.6   3.0  0.01   1.5  24.0   12:47     W
09  60.0  74.9   16:32  43.7   00:44   7.8   2.8  0.00   2.2  23.0   13:02     W
10  55.2  70.9   16:31  37.5   05:21  10.9   1.1  0.00   1.2  16.0   11:03    NW
11  57.2  74.0   17:16  38.0   05:29  10.0   2.2  0.00   0.8  13.0   16:09     W
12  63.4  82.0   16:27  38.2   05:16   7.4   5.8  0.00   2.1  20.0   14:26    SW
13  72.5  86.6   14:00  61.3   23:57   0.3   7.8  0.00   2.9  16.0   02:35   SSW
14  56.2  61.4   00:00  47.8   22:48   8.8   0.0  0.11   0.9  12.0   12:25     N
15  60.2  78.3   17:00  41.7   05:25   8.0   3.2  0.00   0.7  11.0   12:22   WNW
16  67.7  85.8   15:37  47.9   05:02   5.3   8.0  0.00   1.1  15.0   12:59   WNW
17  62.1  76.9   13:06  48.4   05:02   5.9   3.0  0.00   1.5  16.0   16:38   SSE
18  63.3  76.6   14:16  52.4   03:19   4.5   2.9  0.88   0.9  13.0   22:43     S
19  67.6  75.5   16:32  51.3   23:59   1.6   4.2  0.08   2.7  24.0   18:11   WNW
20  65.3  81.2   16:41  46.0   03:46   5.8   6.1  0.00   2.3  19.0   13:49    SW
21  63.8  74.8   15:32  48.4   23:57   4.2   3.1  0.01   0.9  16.0   13:43    NW
22  60.9  78.0   15:23  40.7   05:17   7.9   3.8  0.00   1.2  16.0   14:30   SSW
23  59.1  72.9   15:24  47.4   01:29   7.1   1.2  0.41   0.9  14.0   09:53     S
----------------------------------------------------------------------------------
    60.4  86.6    13    34.7     4   174.5  69.6  2.75   1.3  24.0     8     WSW

Max >=  80.0  5
Max <=  32.0  0
Min <=  32.0  0
Min <=   0.0  0
Max Rain: 0.88 on day 18
Days of Rain: 10 (>= 0.01 in)  6 (>= 0.10 in)  0 (>= 1.00 in)
Heat Base: 65.0  Cool Base: 65.0  Method: Integration