NOAA-Style Climate Reports

Select a Year or Month report
2018: Jan Feb Mar Apr May Jun Jul Aug Sep Oct Nov Dec
2017: Jan Feb Mar Apr May Jun Jul Aug Sep Oct Nov Dec
2016: Jan Feb Mar Apr May Jun Jul Aug Sep Oct Nov Dec
2015: Jan Feb Mar Apr May Jun Jul Aug Sep Oct Nov Dec
2014: Jan Feb Mar Apr May Jun Jul Aug Sep Oct Nov Dec
2013: Jan Feb Mar Apr May Jun Jul Aug Sep Oct Nov Dec
2012: Jan Feb Mar Apr May Jun Jul Aug Sep Oct Nov Dec

Report for 2018 January
                   Monthly Climatological Summary for Jan 2018

Name: N0BGS   City: Hermon   State: Maine
Elevation: 145 ft  Lat: N 44 48 29   Lon: W 068 54 51

                  Temperature (°F), Rain (in), Wind Speed (mph)

                                      Heat  Cool        Avg
    Mean                              Deg   Deg         Wind                 Dom
Day Temp  High   Time   Low    Time   Days  Days  Rain  Speed High   Time    Dir
----------------------------------------------------------------------------------
01   0.1   7.4   13:53  -8.1   07:40  64.9   0.0  0.00   3.8  19.0   20:18     W
02  -3.3  12.7   13:18 -15.1   05:03  68.3   0.0  0.00   1.6  17.0   11:03   WSW
03   4.5  30.3   14:03 -15.0   06:07  60.5   0.0  0.00   0.2  10.0   14:14   SSE
04  16.7  29.8   21:34  -4.2   02:41  48.3   0.0  0.00   3.8  31.0   21:15    NW
05  11.6  26.5   01:30  -2.8   23:12  53.4   0.0  0.00   8.0  35.0   06:15   WSW
06  -1.5   0.9   12:57  -4.2   06:59  66.5   0.0  0.00   7.6  29.0   04:01   WSW
07   3.6  12.2   15:08  -8.2   07:24  61.4   0.0  0.00   3.6  24.0   00:49     W
08  16.1  21.8   15:25  10.0   05:27  48.9   0.0  0.00   0.3   8.0   23:38     S
09  25.3  39.0   12:14  15.0   23:59  39.7   0.0  0.00   3.7  32.0   14:23     W
10  19.7  35.9   14:59   5.4   07:37  45.3   0.0  0.05   0.8  16.0   04:22   WSW
11  38.2  46.6   14:37  23.0   00:00  26.8   0.0  0.38   1.8  14.0   03:17     S
12  49.3  55.5   23:37  44.4   08:32  15.7   0.0  1.07   2.6  21.0   18:57   SSE
13  31.4  55.3   00:00  13.1   23:57  33.6   0.0  1.35   3.2  22.0   14:07   WNW
14   9.7  17.5   14:19   1.1   23:54  55.3   0.0  0.00   1.8  15.0   09:46   WNW
15   8.1  14.7   16:26  -0.7   06:09  56.9   0.0  0.00   1.7  15.0   19:24   NNW
16  17.5  27.4   14:41  12.4   03:15  47.4   0.0  0.00   0.9  12.0   01:29   WNW
----------------------------------------------------------------------------------
    15.4  55.5    12   -15.1     2   792.9   0.0  2.85   2.8  35.0     5       W

Max >=  80.0  0
Max <=  32.0 11
Min <=  32.0 15
Min <=   0.0  8
Max Rain: 1.35 on day 13
Days of Rain: 4 (>= 0.01 in)  3 (>= 0.10 in)  2 (>= 1.00 in)
Heat Base: 65.0  Cool Base: 65.0  Method: Integration