NOAA-Style Climate Reports
Select a Year or Month report
2024: Jan Feb Mar Apr May Jun Jul Aug Sep Oct Nov Dec
2023: Jan Feb Mar Apr May Jun Jul Aug Sep Oct Nov Dec
2022: Jan Feb Mar Apr May Jun Jul Aug Sep Oct Nov Dec
2021: Jan Feb Mar Apr May Jun Jul Aug Sep Oct Nov Dec
2020: Jan Feb Mar Apr May Jun Jul Aug Sep Oct Nov Dec
2019: Jan Feb Mar Apr May Jun Jul Aug Sep Oct Nov Dec
2018: Jan Feb Mar Apr May Jun Jul Aug Sep Oct Nov Dec
2017: Jan Feb Mar Apr May Jun Jul Aug Sep Oct Nov Dec
2016: Jan Feb Mar Apr May Jun Jul Aug Sep Oct Nov Dec
2015: Jan Feb Mar Apr May Jun Jul Aug Sep Oct Nov Dec
2014: Jan Feb Mar Apr May Jun Jul Aug Sep Oct Nov Dec
2013: Jan Feb Mar Apr May Jun Jul Aug Sep Oct Nov Dec
2012: Jan Feb Mar Apr May Jun Jul Aug Sep Oct Nov Dec
2024: Jan Feb Mar Apr May Jun Jul Aug Sep Oct Nov Dec
2023: Jan Feb Mar Apr May Jun Jul Aug Sep Oct Nov Dec
2022: Jan Feb Mar Apr May Jun Jul Aug Sep Oct Nov Dec
2021: Jan Feb Mar Apr May Jun Jul Aug Sep Oct Nov Dec
2020: Jan Feb Mar Apr May Jun Jul Aug Sep Oct Nov Dec
2019: Jan Feb Mar Apr May Jun Jul Aug Sep Oct Nov Dec
2018: Jan Feb Mar Apr May Jun Jul Aug Sep Oct Nov Dec
2017: Jan Feb Mar Apr May Jun Jul Aug Sep Oct Nov Dec
2016: Jan Feb Mar Apr May Jun Jul Aug Sep Oct Nov Dec
2015: Jan Feb Mar Apr May Jun Jul Aug Sep Oct Nov Dec
2014: Jan Feb Mar Apr May Jun Jul Aug Sep Oct Nov Dec
2013: Jan Feb Mar Apr May Jun Jul Aug Sep Oct Nov Dec
2012: Jan Feb Mar Apr May Jun Jul Aug Sep Oct Nov Dec
Report for 2023 July
Monthly Climatological Summary for Jul 2023 Name: N0BGS City: Hermon State: Maine Elevation: 145 ft Lat: N 44° 48' 29" Lon: W 068° 54' 51" Temperature (°F), Rain (in), Wind Speed (mph) Heat Cool Avg Mean Deg Deg Wind Dom Day Temp High Time Low Time Days Days Rain Speed High Time Dir ---------------------------------------------------------------------------------- 01 69.8 79.2 14:38 64.5 04:43 0.0 4.9 0.01 1.4 16.0 17:27 S 02 64.8 70.5 12:10 61.9 23:54 1.1 0.9 1.42 0.5 10.0 14:26 S 03 67.6 75.4 18:10 61.7 04:16 1.0 3.6 0.05 0.1 10.0 14:55 N 04 71.7 84.7 14:26 61.1 03:10 0.8 7.5 0.00 0.4 10.0 15:43 SSW 05 75.9 90.6 16:19 66.1 00:00 0.0 10.9 0.00 0.5 13.0 18:03 W 06 76.4 93.2 14:25 60.3 05:11 0.7 12.2 0.00 0.7 13.0 15:39 SSW 07 74.1 87.3 13:08 65.1 01:53 0.0 9.1 0.00 1.1 15.0 13:33 S 08 72.3 83.6 15:49 64.0 05:19 0.1 7.4 0.00 1.0 12.0 15:51 SSE 09 72.1 80.3 15:00 65.0 23:54 0.0 7.1 0.00 0.5 10.0 12:41 SSW 10 69.0 72.7 14:30 63.1 01:57 0.1 4.1 0.15 0.4 12.0 13:05 ESE 11 69.8 83.1 16:37 61.8 23:56 0.4 5.3 0.68 0.2 10.0 03:04 S 12 73.4 88.3 13:23 58.2 05:02 1.4 9.9 0.00 0.6 15.0 14:26 S 13 73.8 87.0 13:55 60.4 04:26 0.7 9.4 0.00 1.0 14.0 17:10 SSE 14 73.5 83.2 12:55 66.5 02:13 0.0 8.5 0.00 0.9 12.0 23:10 S 15 70.9 78.8 15:49 67.0 05:41 0.0 5.9 0.09 0.6 12.0 18:01 SSE 16 70.1 73.6 13:23 68.1 23:46 0.0 5.1 0.73 1.1 15.0 17:39 SSE 17 74.2 85.6 16:16 67.7 23:57 0.0 9.2 0.09 0.8 11.0 16:10 SSE 18 71.5 80.9 12:13 64.9 05:48 0.0 6.5 0.00 1.1 14.0 13:39 SSE 19 74.1 84.9 14:29 63.0 23:59 0.0 9.2 0.00 0.3 11.0 13:00 W 20 70.1 85.9 16:51 57.5 05:31 1.8 7.0 0.00 0.2 8.0 08:26 NNW 21 67.5 80.8 12:00 54.6 04:58 2.6 5.1 0.00 0.4 10.0 14:20 SSE 22 68.9 79.8 16:21 60.5 02:04 0.9 4.9 0.02 1.0 14.0 14:41 S 23 72.3 85.2 17:07 62.6 23:37 0.3 7.6 0.00 0.4 10.0 13:37 W 24 71.6 87.3 14:04 55.5 05:31 1.8 8.4 0.00 0.7 14.0 15:24 S 25 73.6 86.8 12:54 64.2 05:35 0.0 8.6 0.01 1.1 13.0 12:34 SSW 26 73.8 87.0 15:36 61.5 05:54 0.4 9.1 0.00 1.0 14.0 13:00 SW 27 69.7 76.4 11:52 62.9 04:35 0.2 4.9 0.12 0.5 11.0 16:53 S 28 74.6 88.2 15:27 60.8 04:33 0.7 10.3 0.00 1.2 16.0 14:46 SW 29 71.4 83.1 13:19 60.3 23:52 0.6 7.0 0.16 0.7 16.0 12:46 NW 30 64.2 76.0 16:24 53.0 23:55 3.8 3.0 0.00 0.9 18.0 10:26 WNW 31 61.1 76.0 13:58 50.6 04:12 5.7 1.7 0.39 0.4 17.0 14:22 W ---------------------------------------------------------------------------------- 71.1 93.2 6 50.6 31 25.1 214.4 3.92 0.7 18.0 30 SSW Max >= 80.0 21 Max <= 32.0 0 Min <= 32.0 0 Min <= 0.0 0 Max Rain: 1.42 on day 2 Days of Rain: 13 (>= 0.01 in) 7 (>= 0.10 in) 1 (>= 1.00 in) Heat Base: 65.0 Cool Base: 65.0 Method: Integration