NOAA-Style Climate Reports
Select a Year or Month report
2024: Jan Feb Mar Apr May Jun Jul Aug Sep Oct Nov Dec
2023: Jan Feb Mar Apr May Jun Jul Aug Sep Oct Nov Dec
2022: Jan Feb Mar Apr May Jun Jul Aug Sep Oct Nov Dec
2021: Jan Feb Mar Apr May Jun Jul Aug Sep Oct Nov Dec
2020: Jan Feb Mar Apr May Jun Jul Aug Sep Oct Nov Dec
2019: Jan Feb Mar Apr May Jun Jul Aug Sep Oct Nov Dec
2018: Jan Feb Mar Apr May Jun Jul Aug Sep Oct Nov Dec
2017: Jan Feb Mar Apr May Jun Jul Aug Sep Oct Nov Dec
2016: Jan Feb Mar Apr May Jun Jul Aug Sep Oct Nov Dec
2015: Jan Feb Mar Apr May Jun Jul Aug Sep Oct Nov Dec
2014: Jan Feb Mar Apr May Jun Jul Aug Sep Oct Nov Dec
2013: Jan Feb Mar Apr May Jun Jul Aug Sep Oct Nov Dec
2012: Jan Feb Mar Apr May Jun Jul Aug Sep Oct Nov Dec
2024: Jan Feb Mar Apr May Jun Jul Aug Sep Oct Nov Dec
2023: Jan Feb Mar Apr May Jun Jul Aug Sep Oct Nov Dec
2022: Jan Feb Mar Apr May Jun Jul Aug Sep Oct Nov Dec
2021: Jan Feb Mar Apr May Jun Jul Aug Sep Oct Nov Dec
2020: Jan Feb Mar Apr May Jun Jul Aug Sep Oct Nov Dec
2019: Jan Feb Mar Apr May Jun Jul Aug Sep Oct Nov Dec
2018: Jan Feb Mar Apr May Jun Jul Aug Sep Oct Nov Dec
2017: Jan Feb Mar Apr May Jun Jul Aug Sep Oct Nov Dec
2016: Jan Feb Mar Apr May Jun Jul Aug Sep Oct Nov Dec
2015: Jan Feb Mar Apr May Jun Jul Aug Sep Oct Nov Dec
2014: Jan Feb Mar Apr May Jun Jul Aug Sep Oct Nov Dec
2013: Jan Feb Mar Apr May Jun Jul Aug Sep Oct Nov Dec
2012: Jan Feb Mar Apr May Jun Jul Aug Sep Oct Nov Dec
Report for 2017 August
Monthly Climatological Summary for Aug 2017 Name: N0BGS City: Hermon State: Maine Elevation: 145 ft Lat: N 44 48 29 Lon: W 068 54 51 Temperature (°F), Rain (in), Wind Speed (mph) Heat Cool Avg Mean Deg Deg Wind Dom Day Temp High Time Low Time Days Days Rain Speed High Time Dir ---------------------------------------------------------------------------------- 01 70.0 85.5 16:52 54.0 05:18 2.9 7.9 0.00 0.8 15.0 11:58 WNW 02 69.1 86.1 13:01 50.9 05:24 3.7 7.8 0.00 1.3 16.0 15:35 SSE 03 71.1 83.2 15:28 63.6 23:55 0.1 6.2 0.00 1.2 18.0 16:51 SE 04 69.9 81.2 14:26 62.7 02:53 0.6 5.4 0.00 2.1 16.0 16:22 SE 05 70.2 80.2 13:02 65.0 00:28 0.0 5.2 0.48 2.3 18.0 12:52 SE 06 64.6 72.4 12:18 49.3 23:58 2.5 2.1 0.00 2.0 22.0 11:42 W 07 64.0 80.4 16:15 45.3 05:07 5.7 4.6 0.04 1.3 19.0 12:12 WSW 08 62.3 74.2 17:53 56.0 22:45 4.0 1.3 0.05 0.2 8.0 11:56 SW 09 66.1 83.1 15:10 47.6 05:53 5.0 6.1 0.00 1.3 18.0 13:09 SW 10 66.1 81.2 15:32 50.3 05:44 4.1 5.2 0.01 0.7 12.0 14:57 S 11 67.2 82.6 14:05 56.3 04:42 2.2 4.4 0.00 1.0 14.0 15:04 SSE 12 64.9 76.3 15:11 58.5 22:40 2.1 2.0 0.02 0.5 11.0 15:49 SE 13 68.8 81.0 12:15 55.7 22:38 1.5 5.3 0.10 1.6 20.0 13:11 WSW 14 67.4 82.9 13:35 54.0 05:53 3.9 6.4 0.00 1.2 16.0 13:23 SW 15 65.8 79.7 12:09 53.2 05:25 3.1 4.0 0.19 1.1 13.0 12:37 SSE 16 66.1 76.6 15:34 49.0 23:31 2.9 4.0 0.01 1.6 20.0 13:35 WNW 17 61.0 78.7 15:50 44.6 05:04 8.0 4.0 0.00 1.8 22.0 11:15 W 18 58.1 66.8 12:25 47.3 04:51 7.0 0.1 0.60 0.4 13.0 19:56 ESE 19 64.7 72.0 16:52 58.8 00:00 2.0 1.7 0.12 0.1 6.0 12:06 NW 20 69.9 80.8 12:53 57.8 22:46 0.9 5.8 0.00 1.3 15.0 14:03 W 21 69.8 84.3 16:18 56.7 01:39 2.4 7.2 0.00 1.2 15.0 11:32 SW 22 71.0 86.1 12:43 56.9 06:17 1.9 7.9 0.00 1.5 17.0 14:21 SE 23 70.9 81.6 15:18 52.2 23:57 1.5 7.4 0.03 2.0 20.0 13:16 SW 24 62.5 79.0 15:51 48.3 05:31 6.7 4.3 0.00 1.2 15.0 12:50 W 25 58.5 72.5 12:51 44.7 06:05 8.3 1.8 0.00 1.2 15.0 11:34 W 26 57.9 74.0 14:01 43.1 05:03 9.0 1.9 0.00 0.8 13.0 11:16 WNW 27 60.2 75.5 15:40 44.3 23:59 7.7 2.9 0.00 0.5 13.0 14:03 NW 28 58.1 79.6 16:39 37.9 06:16 11.0 4.1 0.00 0.4 9.0 12:38 SW 29 58.4 78.0 12:38 39.9 06:11 9.9 3.3 0.00 0.4 10.0 16:08 SW 30 57.3 68.6 15:16 49.2 23:43 8.2 0.4 0.00 0.0 5.0 07:19 W 31 58.6 71.9 13:08 45.9 02:27 7.8 1.5 0.00 1.6 18.0 13:17 W ---------------------------------------------------------------------------------- 64.9 86.1 2 37.9 28 136.6 132.2 1.65 1.1 22.0 6 SW Max >= 80.0 15 Max <= 32.0 0 Min <= 32.0 0 Min <= 0.0 0 Max Rain: 0.60 on day 18 Days of Rain: 11 (>= 0.01 in) 5 (>= 0.10 in) 0 (>= 1.00 in) Heat Base: 65.0 Cool Base: 65.0 Method: Integration