NOAA-Style Climate Reports
Select a Year or Month report
2024: Jan Feb Mar Apr May Jun Jul Aug Sep Oct Nov Dec
2023: Jan Feb Mar Apr May Jun Jul Aug Sep Oct Nov Dec
2022: Jan Feb Mar Apr May Jun Jul Aug Sep Oct Nov Dec
2021: Jan Feb Mar Apr May Jun Jul Aug Sep Oct Nov Dec
2020: Jan Feb Mar Apr May Jun Jul Aug Sep Oct Nov Dec
2019: Jan Feb Mar Apr May Jun Jul Aug Sep Oct Nov Dec
2018: Jan Feb Mar Apr May Jun Jul Aug Sep Oct Nov Dec
2017: Jan Feb Mar Apr May Jun Jul Aug Sep Oct Nov Dec
2016: Jan Feb Mar Apr May Jun Jul Aug Sep Oct Nov Dec
2015: Jan Feb Mar Apr May Jun Jul Aug Sep Oct Nov Dec
2014: Jan Feb Mar Apr May Jun Jul Aug Sep Oct Nov Dec
2013: Jan Feb Mar Apr May Jun Jul Aug Sep Oct Nov Dec
2012: Jan Feb Mar Apr May Jun Jul Aug Sep Oct Nov Dec
2024: Jan Feb Mar Apr May Jun Jul Aug Sep Oct Nov Dec
2023: Jan Feb Mar Apr May Jun Jul Aug Sep Oct Nov Dec
2022: Jan Feb Mar Apr May Jun Jul Aug Sep Oct Nov Dec
2021: Jan Feb Mar Apr May Jun Jul Aug Sep Oct Nov Dec
2020: Jan Feb Mar Apr May Jun Jul Aug Sep Oct Nov Dec
2019: Jan Feb Mar Apr May Jun Jul Aug Sep Oct Nov Dec
2018: Jan Feb Mar Apr May Jun Jul Aug Sep Oct Nov Dec
2017: Jan Feb Mar Apr May Jun Jul Aug Sep Oct Nov Dec
2016: Jan Feb Mar Apr May Jun Jul Aug Sep Oct Nov Dec
2015: Jan Feb Mar Apr May Jun Jul Aug Sep Oct Nov Dec
2014: Jan Feb Mar Apr May Jun Jul Aug Sep Oct Nov Dec
2013: Jan Feb Mar Apr May Jun Jul Aug Sep Oct Nov Dec
2012: Jan Feb Mar Apr May Jun Jul Aug Sep Oct Nov Dec
Report for 2015 August
Monthly Climatological Summary for Aug 2015 Name: N0BGS City: Hermon State: Maine Elevation: 145 ft Lat: N 44° 48' 31" Lon: W 068° 54' 52" Temperature (°F), Rain (in), Wind Speed (mph) Heat Cool Avg Mean Deg Deg Wind Dom Day Temp High Time Low Time Days Days Rain Speed High Time Dir ---------------------------------------------------------------------------------- 1 68.6 83.9 12:11 55.0 05:36 3.2 6.8 0.00 1.2 19.0 14:27 SW 2 68.7 82.8 15:30 56.2 02:29 3.0 6.8 0.00 1.4 15.0 16:52 SW 3 70.4 84.5 14:09 56.1 05:04 2.2 7.6 0.00 2.0 17.0 13:22 SE 4 68.4 85.0 15:18 56.8 23:58 1.1 4.5 0.28 0.8 16.0 17:01 S 5 64.3 80.1 15:52 53.8 04:55 4.3 3.6 0.23 0.8 26.0 16:11 W 6 63.4 75.6 12:44 51.8 02:47 4.8 3.2 0.00 1.6 17.0 14:10 W 7 64.2 78.6 16:48 50.4 04:24 4.8 4.0 0.00 0.5 9.0 07:50 W 8 65.8 82.7 15:16 48.8 05:50 4.8 5.7 0.00 0.5 9.0 13:05 NE 9 64.9 75.5 14:14 54.1 23:58 2.9 2.9 0.00 0.5 11.0 12:37 NNE 10 65.2 80.9 14:27 47.6 05:50 4.8 5.0 0.00 0.8 12.0 16:34 S 11 63.8 71.6 09:52 59.5 03:36 2.2 0.9 0.50 1.7 21.0 11:14 SE 12 69.2 80.7 18:06 63.3 23:32 0.1 4.3 0.72 0.4 8.0 00:42 WSW 13 68.1 81.3 15:00 54.6 06:00 2.5 5.6 0.00 1.0 13.0 14:56 SW 14 68.5 83.4 15:35 52.5 05:45 3.0 6.6 0.00 1.2 14.0 12:46 S 15 71.2 85.9 15:08 57.6 04:00 1.7 7.9 0.00 0.2 11.0 17:04 NNW 16 73.5 88.7 16:14 59.6 05:56 0.9 9.5 0.00 0.5 11.0 14:57 WNW 17 74.8 90.7 14:46 58.8 05:41 1.2 11.0 0.00 1.1 12.0 16:08 SW 18 74.8 91.7 14:47 59.4 05:57 1.0 10.8 0.00 0.5 11.0 16:58 SSW 19 72.8 86.6 15:08 63.3 03:09 0.1 7.9 0.00 1.3 13.0 18:24 SE 20 71.9 82.5 15:39 65.7 23:36 0.0 6.9 0.00 1.7 17.0 12:59 SSE 21 71.9 80.6 14:39 65.6 00:23 0.0 6.9 0.05 1.7 16.0 13:29 SSE 22 68.9 77.3 15:57 62.9 23:12 0.2 4.2 1.00 0.2 10.0 02:05 NNE 23 70.3 81.1 14:46 63.4 00:00 0.1 5.4 0.37 0.2 8.0 13:40 N 24 72.6 82.1 17:20 65.3 23:59 0.0 7.6 0.03 0.5 9.0 11:51 SSW 25 70.6 76.4 11:33 64.8 00:17 0.0 5.6 0.00 1.1 14.0 13:48 SSE 26 69.6 79.4 14:48 62.3 22:29 0.2 4.7 0.08 1.3 15.0 16:00 SE 27 66.3 76.8 13:25 56.4 23:32 2.4 3.7 0.01 1.1 14.0 11:51 W 28 63.9 78.2 16:26 51.4 06:29 4.9 3.7 0.00 0.9 14.0 13:12 W 29 63.9 77.8 16:02 48.8 06:06 5.0 3.9 0.00 0.7 13.0 15:14 SW 30 68.5 82.2 16:12 58.5 23:56 2.0 5.3 0.00 0.9 13.0 12:30 W 31 68.8 82.9 14:07 56.2 02:20 2.4 6.2 0.00 1.9 20.0 13:41 WSW ---------------------------------------------------------------------------------- 68.6 91.7 18 47.6 10 65.8 178.7 3.27 1.0 26.0 5 SSW Max >= 80.0: 21 Max <= 32.0: 0 Min <= 32.0: 0 Min <= 0.0: 0 Max Rain: 1.00 on day 22 Days of Rain: 10 (>= 0.01 in) 6 (>= 0.10 in) 1 (>= 1.00 in) Heat Base: 65.0 Cool Base: 65.0 Method: Integration