NOAA-Style Climate Reports
Select a Year or Month report
2024: Jan Feb Mar Apr May Jun Jul Aug Sep Oct Nov Dec
2023: Jan Feb Mar Apr May Jun Jul Aug Sep Oct Nov Dec
2022: Jan Feb Mar Apr May Jun Jul Aug Sep Oct Nov Dec
2021: Jan Feb Mar Apr May Jun Jul Aug Sep Oct Nov Dec
2020: Jan Feb Mar Apr May Jun Jul Aug Sep Oct Nov Dec
2019: Jan Feb Mar Apr May Jun Jul Aug Sep Oct Nov Dec
2018: Jan Feb Mar Apr May Jun Jul Aug Sep Oct Nov Dec
2017: Jan Feb Mar Apr May Jun Jul Aug Sep Oct Nov Dec
2016: Jan Feb Mar Apr May Jun Jul Aug Sep Oct Nov Dec
2015: Jan Feb Mar Apr May Jun Jul Aug Sep Oct Nov Dec
2014: Jan Feb Mar Apr May Jun Jul Aug Sep Oct Nov Dec
2013: Jan Feb Mar Apr May Jun Jul Aug Sep Oct Nov Dec
2012: Jan Feb Mar Apr May Jun Jul Aug Sep Oct Nov Dec
2024: Jan Feb Mar Apr May Jun Jul Aug Sep Oct Nov Dec
2023: Jan Feb Mar Apr May Jun Jul Aug Sep Oct Nov Dec
2022: Jan Feb Mar Apr May Jun Jul Aug Sep Oct Nov Dec
2021: Jan Feb Mar Apr May Jun Jul Aug Sep Oct Nov Dec
2020: Jan Feb Mar Apr May Jun Jul Aug Sep Oct Nov Dec
2019: Jan Feb Mar Apr May Jun Jul Aug Sep Oct Nov Dec
2018: Jan Feb Mar Apr May Jun Jul Aug Sep Oct Nov Dec
2017: Jan Feb Mar Apr May Jun Jul Aug Sep Oct Nov Dec
2016: Jan Feb Mar Apr May Jun Jul Aug Sep Oct Nov Dec
2015: Jan Feb Mar Apr May Jun Jul Aug Sep Oct Nov Dec
2014: Jan Feb Mar Apr May Jun Jul Aug Sep Oct Nov Dec
2013: Jan Feb Mar Apr May Jun Jul Aug Sep Oct Nov Dec
2012: Jan Feb Mar Apr May Jun Jul Aug Sep Oct Nov Dec
Report for 2019 January
Monthly Climatological Summary for Jan 2019 Name: N0BGS City: Hermon State: Maine Elevation: 145 ft Lat: N 44 48 29 Lon: W 068 54 51 Temperature (°F), Rain (in), Wind Speed (mph) Heat Cool Avg Mean Deg Deg Wind Dom Day Temp High Time Low Time Days Days Rain Speed High Time Dir ---------------------------------------------------------------------------------- 01 33.8 41.4 12:23 20.3 23:59 31.2 0.0 0.10 4.1 30.0 14:02 W 02 14.9 25.3 14:51 8.3 19:46 50.1 0.0 0.00 1.6 20.0 01:55 W 03 16.8 26.9 14:52 6.9 23:55 48.2 0.0 0.01 0.3 9.0 11:58 WNW 04 26.4 40.0 15:23 6.8 00:00 38.6 0.0 0.16 0.7 17.0 11:42 S 05 29.3 37.3 12:47 17.1 07:24 35.7 0.0 0.03 0.2 8.0 23:07 NNW 06 31.3 38.6 13:48 19.1 23:55 33.7 0.0 0.01 3.1 32.0 17:46 WNW 07 15.7 23.9 14:53 8.8 20:50 49.3 0.0 0.00 3.7 26.0 06:43 WNW 08 22.7 35.5 23:29 13.1 00:00 42.3 0.0 0.01 0.2 5.0 13:54 NW 09 35.0 38.6 02:29 30.2 23:56 30.0 0.0 0.55 2.3 18.0 23:47 WNW 10 27.8 31.1 12:45 19.1 23:59 37.2 0.0 0.00 4.6 24.0 17:55 W 11 13.2 19.6 13:30 6.1 19:54 51.8 0.0 0.00 6.3 27.0 08:49 W 12 9.9 18.2 14:25 4.1 06:33 55.1 0.0 0.00 5.6 26.0 12:04 W 13 10.4 24.0 14:16 1.4 07:18 54.6 0.0 0.00 0.7 11.0 12:36 W 14 3.7 5.9 20:34 1.5 00:22 11.1 0.0 0.00 0.3 0.0 00:00 WNW 15 18.7 29.8 14:05 4.8 03:23 46.3 0.0 0.00 0.7 13.0 12:51 NW 16 28.3 37.3 14:10 15.7 23:59 36.7 0.0 0.00 2.6 21.0 21:36 SW 17 9.6 18.9 15:22 2.8 20:46 52.3 0.0 0.00 2.4 19.0 10:17 W 18 21.4 31.4 19:15 8.1 00:00 43.5 0.0 0.01 0.3 10.0 20:19 WSW 19 12.3 18.9 00:28 6.3 23:56 52.7 0.0 0.00 1.6 15.0 09:08 NNW 20 7.0 12.8 23:57 1.9 05:57 58.0 0.0 0.00 2.9 16.0 11:38 NNW 21 8.8 13.9 02:30 3.7 18:11 56.2 0.0 0.00 5.4 27.0 10:14 W 22 11.2 24.0 14:14 1.4 23:41 53.8 0.0 0.00 5.9 32.0 11:42 W 23 17.1 36.8 13:02 -0.9 03:16 47.9 0.0 0.00 0.6 20.0 12:34 SSW 24 39.7 51.3 18:49 23.9 00:16 25.3 0.0 1.40 2.7 27.0 23:12 S 25 32.6 40.7 00:00 25.1 07:39 32.4 0.0 0.00 3.6 24.0 03:09 WSW 26 19.8 30.3 14:21 11.9 23:58 45.2 0.0 0.00 0.5 9.0 00:26 SSW 27 25.0 40.0 22:39 3.7 06:48 40.0 0.0 0.02 2.9 25.0 11:38 SE 28 18.1 40.0 00:00 3.9 23:32 46.9 0.0 0.00 2.8 25.0 00:06 WNW 29 9.2 17.9 21:37 -0.2 06:45 55.8 0.0 0.00 0.8 11.0 00:01 N 30 20.9 32.9 11:33 2.1 21:05 44.1 0.0 0.01 1.6 18.0 14:57 W 31 8.2 15.4 12:48 -2.3 05:48 54.3 0.0 0.00 4.7 30.0 13:08 SW ---------------------------------------------------------------------------------- 19.3 51.3 24 -2.3 31 1360.3 0.0 2.31 2.4 32.0 6 W Max >= 80.0 0 Max <= 32.0 18 Min <= 32.0 31 Min <= 0.0 3 Max Rain: 1.40 on day 24 Days of Rain: 11 (>= 0.01 in) 4 (>= 0.10 in) 1 (>= 1.00 in) Heat Base: 65.0 Cool Base: 65.0 Method: Integration