NOAA-Style Climate Reports
Select a Year or Month report
2024: Jan Feb Mar Apr May Jun Jul Aug Sep Oct Nov Dec
2023: Jan Feb Mar Apr May Jun Jul Aug Sep Oct Nov Dec
2022: Jan Feb Mar Apr May Jun Jul Aug Sep Oct Nov Dec
2021: Jan Feb Mar Apr May Jun Jul Aug Sep Oct Nov Dec
2020: Jan Feb Mar Apr May Jun Jul Aug Sep Oct Nov Dec
2019: Jan Feb Mar Apr May Jun Jul Aug Sep Oct Nov Dec
2018: Jan Feb Mar Apr May Jun Jul Aug Sep Oct Nov Dec
2017: Jan Feb Mar Apr May Jun Jul Aug Sep Oct Nov Dec
2016: Jan Feb Mar Apr May Jun Jul Aug Sep Oct Nov Dec
2015: Jan Feb Mar Apr May Jun Jul Aug Sep Oct Nov Dec
2014: Jan Feb Mar Apr May Jun Jul Aug Sep Oct Nov Dec
2013: Jan Feb Mar Apr May Jun Jul Aug Sep Oct Nov Dec
2012: Jan Feb Mar Apr May Jun Jul Aug Sep Oct Nov Dec
2024: Jan Feb Mar Apr May Jun Jul Aug Sep Oct Nov Dec
2023: Jan Feb Mar Apr May Jun Jul Aug Sep Oct Nov Dec
2022: Jan Feb Mar Apr May Jun Jul Aug Sep Oct Nov Dec
2021: Jan Feb Mar Apr May Jun Jul Aug Sep Oct Nov Dec
2020: Jan Feb Mar Apr May Jun Jul Aug Sep Oct Nov Dec
2019: Jan Feb Mar Apr May Jun Jul Aug Sep Oct Nov Dec
2018: Jan Feb Mar Apr May Jun Jul Aug Sep Oct Nov Dec
2017: Jan Feb Mar Apr May Jun Jul Aug Sep Oct Nov Dec
2016: Jan Feb Mar Apr May Jun Jul Aug Sep Oct Nov Dec
2015: Jan Feb Mar Apr May Jun Jul Aug Sep Oct Nov Dec
2014: Jan Feb Mar Apr May Jun Jul Aug Sep Oct Nov Dec
2013: Jan Feb Mar Apr May Jun Jul Aug Sep Oct Nov Dec
2012: Jan Feb Mar Apr May Jun Jul Aug Sep Oct Nov Dec
Report for 2017 April
Monthly Climatological Summary for Apr 2017 Name: N0BGS City: Hermon State: Maine Elevation: 145 ft Lat: N 44 48 29 Lon: W 068 54 51 Temperature (°F), Rain (in), Wind Speed (mph) Heat Cool Avg Mean Deg Deg Wind Dom Day Temp High Time Low Time Days Days Rain Speed High Time Dir ---------------------------------------------------------------------------------- 01 35.9 38.5 12:27 33.0 02:21 29.1 0.0 0.00 2.0 14.0 13:01 NE 02 39.7 51.3 15:49 31.9 06:07 25.3 0.0 0.00 2.2 19.0 13:17 NW 03 37.8 50.8 15:47 26.0 23:58 27.2 0.0 0.00 2.0 19.0 09:55 NW 04 33.4 42.7 13:55 23.1 02:55 31.6 0.0 0.02 2.2 19.0 16:44 ESE 05 35.5 39.7 16:13 33.4 03:25 29.5 0.0 0.32 0.5 8.0 09:03 NE 06 38.4 43.3 13:38 34.4 00:02 26.6 0.0 0.80 1.8 13.0 16:45 E 07 45.6 52.0 15:00 38.9 23:50 19.4 0.0 0.17 2.8 20.0 15:40 SE 08 41.1 47.1 14:01 36.7 06:17 23.9 0.0 0.13 4.2 25.0 14:53 W 09 44.8 60.6 17:35 33.6 06:28 20.2 0.0 0.00 2.7 18.0 09:23 W 10 51.9 72.1 13:51 37.2 00:00 13.8 0.7 0.00 2.0 19.0 13:40 SSE 11 55.8 78.7 16:00 33.2 04:54 12.2 3.1 0.00 1.1 18.0 22:51 NE 12 49.4 57.6 13:10 38.2 23:59 15.6 0.0 0.24 1.0 11.0 02:14 NNW 13 42.3 51.6 12:19 30.6 23:57 22.7 0.0 0.00 2.8 21.0 10:49 W 14 43.0 59.7 16:27 27.6 05:42 22.0 0.0 0.01 2.0 22.0 16:34 NW 15 52.2 69.5 15:10 29.5 00:20 13.1 0.3 0.00 3.7 23.0 17:06 SW 16 60.3 76.1 14:06 48.7 05:29 7.2 2.6 0.09 2.6 25.0 13:29 WSW 17 51.0 64.1 12:36 42.7 23:54 14.0 0.0 0.01 3.2 26.0 12:01 WNW 18 40.8 48.2 15:03 35.5 03:34 24.2 0.0 0.00 1.5 13.0 12:09 NNE 19 38.3 45.5 11:29 32.5 06:09 26.7 0.0 0.26 3.4 22.0 15:25 SSE 20 42.5 47.2 16:18 36.3 00:00 22.5 0.0 0.07 1.0 13.0 00:29 ESE 21 40.2 42.5 15:00 36.3 23:57 24.8 0.0 0.17 1.7 16.0 13:37 ESE 22 38.0 40.3 15:44 35.3 01:07 26.9 0.0 0.20 0.5 9.0 08:53 E 23 45.4 62.6 17:10 36.8 05:43 19.6 0.0 0.00 1.7 14.0 17:26 SW 24 47.0 61.5 15:21 32.2 05:20 18.0 0.0 0.00 1.4 14.0 09:37 N 25 45.3 60.1 13:07 32.0 03:46 19.7 0.0 0.05 1.7 15.0 12:13 E 26 51.9 57.7 17:55 43.8 02:05 13.1 0.0 0.99 0.9 14.0 20:29 ESE 27 58.4 66.1 13:13 53.2 05:49 6.7 0.1 0.03 1.0 10.0 23:33 SE 28 56.8 70.9 16:21 49.2 06:32 8.9 0.7 0.00 1.7 10.0 00:26 SE 29 61.6 81.1 13:45 47.1 03:59 7.3 3.9 0.00 3.8 29.0 19:24 W 30 48.7 58.2 16:36 37.2 05:39 16.3 0.0 0.00 2.2 20.0 08:48 NW ---------------------------------------------------------------------------------- 45.8 81.1 29 23.1 4 588.1 11.4 3.56 2.1 29.0 29 WSW Max >= 80.0 1 Max <= 32.0 0 Min <= 32.0 7 Min <= 0.0 0 Max Rain: 0.99 on day 26 Days of Rain: 16 (>= 0.01 in) 9 (>= 0.10 in) 0 (>= 1.00 in) Heat Base: 65.0 Cool Base: 65.0 Method: Integration